{"id":27,"date":"2022-07-14T22:01:38","date_gmt":"2022-07-14T20:01:38","guid":{"rendered":"http:\/\/sasldeh.cluster030.hosting.ovh.net\/?page_id=27"},"modified":"2022-07-15T01:57:39","modified_gmt":"2022-07-14T23:57:39","slug":"archives-et-bibliotheque","status":"publish","type":"page","link":"https:\/\/sasl-des-po.fr\/index.php\/archives-et-bibliotheque\/","title":{"rendered":"Archives et biblioth\u00e8que"},"content":{"rendered":"\n<p>Les fonds documentaires de la Soci\u00e9t\u00e9 sont constitu\u00e9s :<\/p>\n\n\n\n<p><br>1. Par les \u00e9changes effectu\u00e9s avec les principales acad\u00e9mies et soci\u00e9t\u00e9s savantes de France, de quelques pays francophones, en particulier la Suisse, et des pays catalans. Cet ensemble de documents est particuli\u00e8rement int\u00e9ressant et constitue un outil pr\u00e9cieux pour tous ceux qui s&rsquo;int\u00e9ressent au pass\u00e9 des divers pays de France.<br><br>2. Par des dons divers, et en particuler ceux qui proviennent de membres de la Soci\u00e9t\u00e9 ; ainsi le fonds Justin Pepratx qui, outre de nombreux manuscrits, notamment une correspondance avec Jacint Verdaguer et des po\u00e8mes de cet auteur catalan, comprend une tr\u00e8s int\u00e9ressante collection d&rsquo;auteurs catalans d&rsquo;outre-Pyr\u00e9n\u00e9es du XIX\u00e8me si\u00e8cle ; \u00e9galement le fonds du professeur Henri Guiter, tr\u00e8s riche pour la langue et la philologie catalanes et pour les langues romanes en g\u00e9n\u00e9ral (dictionnaires, atlas, encyclop\u00e9dies). A noter aussi le fonds \u00abBass\u00e8de\u00bb en philologie catalane.<\/p>\n\n\n\n<p>Le legs Mengus\/Codet (2000) fera bient\u00f4t l\u2019objet d\u2019une valorisation par la SASL.<\/p>\n\n\n\n<p><br>3. Par ailleurs, les archives de la Soci\u00e9t\u00e9 comprennent les registres de d\u00e9lib\u00e9ration, des correspondances diverses, en particulier avec d&rsquo;autres soci\u00e9t\u00e9s savantes, et de nombreux textes \u00e9manant des concours de po\u00e9sies ou des concours agricoles.<\/p>\n\n\n\n<p><br>Il s&rsquo;agit d&rsquo;un ensemble riche en documents divers, indispensables pour qui s&rsquo;int\u00e9resse \u00e0 la langue et aux lettres catalanes ainsi qu&rsquo;\u00e0 l&rsquo;histoire du D\u00e9partement notamment au XIXe si\u00e8cle.<\/p>\n\n\n\n<p><strong>L\u2019association travaille actuellement \u00e0 l\u2019\u00e9tablissement d\u2019un r\u00e9colement g\u00e9n\u00e9ral et d\u2019inventaires particuliers de ces fonds, instruments de recherche qui seront mis \u00e0 disposition du public sur son site internet d\u00e8s que possible. <\/strong><strong>Actuellement, la consultation de ces fonds ne peut se faire dans des conditions normales en l\u2019absence d\u2019instruments de recherche, mais nous r\u00e9pondrons dans la mesure du possible aux demandes des chercheurs.<\/strong><\/p>\n","protected":false},"excerpt":{"rendered":"<p>Les fonds documentaires de la Soci\u00e9t\u00e9 sont constitu\u00e9s : 1. Par les \u00e9changes effectu\u00e9s avec les principales acad\u00e9mies et soci\u00e9t\u00e9s savantes de France, de quelques pays francophones, en particulier la Suisse, et des pays catalans. Cet ensemble de documents est particuli\u00e8rement int\u00e9ressant et constitue un outil pr\u00e9cieux pour tous ceux qui s&rsquo;int\u00e9ressent au pass\u00e9 des &hellip; <a href=\"https:\/\/sasl-des-po.fr\/index.php\/archives-et-bibliotheque\/\" class=\"more-link\">Continuer la lecture de <span class=\"screen-reader-text\">Archives et biblioth\u00e8que<\/span><\/a><\/p>\n","protected":false},"author":1,"featured_media":0,"parent":0,"menu_order":0,"comment_status":"closed","ping_status":"closed","template":"","meta":{"footnotes":""},"class_list":["post-27","page","type-page","status-publish","hentry"],"_links":{"self":[{"href":"https:\/\/sasl-des-po.fr\/index.php\/wp-json\/wp\/v2\/pages\/27","targetHints":{"allow":["GET"]}}],"collection":[{"href":"https:\/\/sasl-des-po.fr\/index.php\/wp-json\/wp\/v2\/pages"}],"about":[{"href":"https:\/\/sasl-des-po.fr\/index.php\/wp-json\/wp\/v2\/types\/page"}],"author":[{"embeddable":true,"href":"https:\/\/sasl-des-po.fr\/index.php\/wp-json\/wp\/v2\/users\/1"}],"replies":[{"embeddable":true,"href":"https:\/\/sasl-des-po.fr\/index.php\/wp-json\/wp\/v2\/comments?post=27"}],"version-history":[{"count":3,"href":"https:\/\/sasl-des-po.fr\/index.php\/wp-json\/wp\/v2\/pages\/27\/revisions"}],"predecessor-version":[{"id":137,"href":"https:\/\/sasl-des-po.fr\/index.php\/wp-json\/wp\/v2\/pages\/27\/revisions\/137"}],"wp:attachment":[{"href":"https:\/\/sasl-des-po.fr\/index.php\/wp-json\/wp\/v2\/media?parent=27"}],"curies":[{"name":"wp","href":"https:\/\/api.w.org\/{rel}","templated":true}]}}

Archives et bibliothèque

<p>Les fonds documentaires de la Société sont constitués :</p>



<p><br>1. Par les échanges effectués avec les principales académies et sociétés savantes de France, de quelques pays francophones, en particulier la Suisse, et des pays catalans. Cet ensemble de documents est particulièrement intéressant et constitue un outil précieux pour tous ceux qui s&rsquo;intéressent au passé des divers pays de France.<br><br>2. Par des dons divers, et en particuler ceux qui proviennent de membres de la Société ; ainsi le fonds Justin Pepratx qui, outre de nombreux manuscrits, notamment une correspondance avec Jacint Verdaguer et des poèmes de cet auteur catalan, comprend une très intéressante collection d&rsquo;auteurs catalans d&rsquo;outre-Pyrénées du XIXème siècle ; également le fonds du professeur Henri Guiter, très riche pour la langue et la philologie catalanes et pour les langues romanes en général (dictionnaires, atlas, encyclopédies). A noter aussi le fonds «Bassède» en philologie catalane.</p>



<p>Le legs Mengus/Codet (2000) fera bientôt l’objet d’une valorisation par la SASL.</p>



<p><br>3. Par ailleurs, les archives de la Société comprennent les registres de délibération, des correspondances diverses, en particulier avec d&rsquo;autres sociétés savantes, et de nombreux textes émanant des concours de poésies ou des concours agricoles.</p>



<p><br>Il s&rsquo;agit d&rsquo;un ensemble riche en documents divers, indispensables pour qui s&rsquo;intéresse à la langue et aux lettres catalanes ainsi qu&rsquo;à l&rsquo;histoire du Département notamment au XIXe siècle.</p>



<p><strong>L’association travaille actuellement à l’établissement d’un récolement général et d’inventaires particuliers de ces fonds, instruments de recherche qui seront mis à disposition du public sur son site internet dès que possible. </strong><strong>Actuellement, la consultation de ces fonds ne peut se faire dans des conditions normales en l’absence d’instruments de recherche, mais nous répondrons dans la mesure du possible aux demandes des chercheurs.</strong></p>

<p>Les fonds documentaires de la Société sont constitués : 1. Par les échanges effectués avec les principales académies et sociétés savantes de France, de quelques pays francophones, en particulier la Suisse, et des pays catalans. Cet ensemble de documents est particulièrement intéressant et constitue un outil précieux pour tous ceux qui s&rsquo;intéressent au passé des &hellip; <a href="https://sasl-des-po.fr/index.php/archives-et-bibliotheque/" class="more-link">Continuer la lecture de <span class="screen-reader-text">Archives et bibliothèque</span></a></p>
