{"id":23,"date":"2022-07-14T22:01:38","date_gmt":"2022-07-14T20:01:38","guid":{"rendered":"http:\/\/sasldeh.cluster030.hosting.ovh.net\/?page_id=23"},"modified":"2022-07-15T01:34:02","modified_gmt":"2022-07-14T23:34:02","slug":"statuts","status":"publish","type":"page","link":"https:\/\/sasl-des-po.fr\/index.php\/statuts\/","title":{"rendered":"Statuts de la SASL"},"content":{"rendered":"\n<p class=\"has-large-font-size\">Adopt\u00e9s lors de l&rsquo;Assembl\u00e9e g\u00e9n\u00e9rale extraordinaire du 26 juin 2013<\/p>\n\n\n\n<p><strong>I \u2013 HISTORIQUE \u2013 DUREE \u2013 SIEGE SOCIAL \u2013 OBJET ET COMPOSITION<\/strong><\/p>\n\n\n\n<p><strong>Article&nbsp;premier<\/strong><\/p>\n\n\n\n<div class=\"wp-block-group is-vertical is-layout-flex wp-container-core-group-is-layout-8cf370e7 wp-block-group-is-layout-flex\">\n<p>L&rsquo;association, \u00ab Soci\u00e9t\u00e9, Agricole Scientifique et Litt\u00e9raire des Pyr\u00e9n\u00e9es-Orientales (SASL des PO) \u00bb a \u00e9t\u00e9 fond\u00e9e le 21 d\u00e9cembre 1833 sous le nom de \u00ab\u00a0Soci\u00e9t\u00e9 Philomatique de Perpignan\u00a0\u00bb pour devenir en f\u00e9vrier 1839 la \u00ab\u00a0Soci\u00e9t\u00e9 des Pyr\u00e9n\u00e9es Orientales, Sciences, Belles-Lettres, Arts industriels\u00a0\u00bb; et pour prendre en 1842 le nom qu&rsquo;elle porte encore actuellement.<\/p>\n\n\n\n<p>La Soci\u00e9t\u00e9 Agricole, Scientifique et Litt\u00e9raire des Pyr\u00e9n\u00e9es-Orientales est r\u00e9gie par la loi du 1er juillet 1901, et le d\u00e9cret du 16 ao\u00fbt 1901.<\/p>\n<\/div>\n\n\n\n<p><br><\/p>\n\n\n\n<p><strong>Article 2<\/strong><\/p>\n\n\n\n<p><br>La dur\u00e9e de vie de l\u2019association est illimit\u00e9e.<\/p>\n\n\n\n<p><br><strong>Article 3<\/strong><strong><\/strong><\/p>\n\n\n\n<p><br>La Soci\u00e9t\u00e9 Agricole, Scientifique et Litt\u00e9raire des Pyr\u00e9n\u00e9es-Orientales a son si\u00e8ge social : Maison des Associations, 52, rue Mar\u00e9chal Foch, 66000 Perpignan. Le si\u00e8ge social peut \u00eatre transf\u00e9r\u00e9 dans un autre lieu par\u00a0 d\u00e9cision du bureau soumise\u00a0 \u00e0 l\u2019approbation de l\u2019assembl\u00e9e g\u00e9n\u00e9rale suivante<br><br><\/p>\n\n\n\n<p><strong>Article 4<\/strong><\/p>\n\n\n\n<p><br>La\u00a0 Soci\u00e9t\u00e9 Agricole Scientifique et Litt\u00e9raire des Pyr\u00e9n\u00e9es-Orientales a pour but l&rsquo;\u00e9tude et la valorisation sous tous ses aspects du patrimoine roussillonnais et de la culture catalane par des publications, un cycle annuel de conf\u00e9rences, des participations \u00e0 des manifestations comm\u00e9moratives historiques et culturelles; la mise \u00e0 disposition du public d&rsquo;un fonds documentaire et archivistique sur le Roussillon et les Pays Catalans.<br><br><\/p>\n\n\n\n<p><strong>Article 5<\/strong><\/p>\n\n\n\n<div class=\"wp-block-group is-vertical is-layout-flex wp-container-core-group-is-layout-8cf370e7 wp-block-group-is-layout-flex\">\n<p><br>La Soci\u00e9t\u00e9 Agricole, Scientifique et Litt\u00e9raire des Pyr\u00e9n\u00e9es-Orientales se compose :<br><br>&#8211; De <em>membres d\u2019honneur<\/em>. Ce titre honorifique est conf\u00e9r\u00e9 par le Conseil d&rsquo;Administration aux anciens dirigeants de l&rsquo;association ou \u00e0 des personnes physiques ou morales ayant rendu des services signal\u00e9s ou fait des dons \u00e0 l\u2019association.<\/p>\n\n\n\n<p>Ils sont dispens\u00e9s du versement de cotisation.<\/p>\n\n\n\n<p>Ils peuvent assister aux assembl\u00e9es g\u00e9n\u00e9rales avec voix d\u00e9lib\u00e9rative.<\/p>\n\n\n\n<p>Ils ne sont pas \u00e9ligibles.<\/p>\n\n\n\n<p><br>&#8211; De <em>membres bienfaiteurs<\/em>. Ces personnes, physiques ou morales, qui ont aid\u00e9 financi\u00e8rement l&rsquo;association peuvent participer aux assembl\u00e9es g\u00e9n\u00e9rales. Elles sont dispens\u00e9es du paiement de la cotisation annuelle.<br><br>&#8211; De <em>membres actifs<\/em>. Ils participent aux activit\u00e9s de l&rsquo;association et versent annuellement une cotisation dont le montant est propos\u00e9 chaque ann\u00e9e par le Conseil d&rsquo;Administration et approuv\u00e9 par d\u00e9cision de l\u2019Assembl\u00e9e G\u00e9n\u00e9rale.<\/p>\n\n\n\n<p><br>&#8211; Des <em>personnes morales<\/em> peuvent \u00eatre membres de l&rsquo;association. Elles sont repr\u00e9sent\u00e9es par leur repr\u00e9sentant l\u00e9gal ou toute autre personne d\u00fbment habilit\u00e9e \u00e0 cet effet.<\/p>\n\n\n\n<p><br>Pour \u00eatre membre, il faut \u00eatre agr\u00e9\u00e9 par le Conseil d&rsquo;Administration de\u00a0 la Soci\u00e9t\u00e9 Agricole, Scientifique et Litt\u00e9raire des Pyr\u00e9n\u00e9es-Orientales. Le candidat doit remplir et signer pr\u00e9alablement un bulletin de demande d&rsquo;adh\u00e9sion, intitul\u00e9 \u00ab\u00a0bulletin d\u2019adh\u00e9sion\u00a0\u00bb.Ce bulletin est strictement individuel et doit \u00eatre accompagn\u00e9 du r\u00e8glement de la cotisation dont le montant est arr\u00eat\u00e9 par ce m\u00eame Conseil d&rsquo;Administration.<br><br><\/p>\n\n\n\n<p><strong>Article 6<\/strong><\/p>\n<\/div>\n\n\n\n<div class=\"wp-block-group is-vertical is-layout-flex wp-container-core-group-is-layout-8cf370e7 wp-block-group-is-layout-flex\">\n<p><br>La qualit\u00e9 de membre de&nbsp;la Soci\u00e9t\u00e9 Agricole, Scientifique et Litt\u00e9raire des Pyr\u00e9n\u00e9es-Orientales se perd :<br><br>&#8211; par la d\u00e9mission adress\u00e9e par lettre au pr\u00e9sident de l&rsquo;association ;<\/p>\n\n\n\n<p>&#8211; par la radiation prononc\u00e9e pour non paiement de la cotisation ou pour motifs graves, par le Conseil d&rsquo;Administration, sauf recours \u00e0 l&rsquo;Assembl\u00e9e G\u00e9n\u00e9rale. Le membre int\u00e9ress\u00e9 est pr\u00e9alablement invit\u00e9 par lettre recommand\u00e9e \u00e0 fournir des explications devant le Conseil d&rsquo;Administration ;<\/p>\n\n\n\n<p>&#8211; par disparition, liquidation ou fusion, s&rsquo;il s&rsquo;agit d&rsquo;une personne morale.<br><br><strong><br>II &#8211; ADMINISTRATION ET FONCTIONNEMENT<\/strong><\/p>\n<\/div>\n\n\n\n<p><br><strong>Article 7<\/strong><\/p>\n\n\n\n<div class=\"wp-block-group is-vertical is-layout-flex wp-container-core-group-is-layout-8cf370e7 wp-block-group-is-layout-flex\">\n<p><br>L&rsquo;association est administr\u00e9e par un Conseil d&rsquo;Administration, \u00e9lu lors d\u2019une Assembl\u00e9e G\u00e9n\u00e9rale, dont le nombre de membres, fix\u00e9 par d\u00e9lib\u00e9ration de l&rsquo;Assembl\u00e9e G\u00e9n\u00e9rale, est compris entre cinq membres au moins et seize membres au plus. En cas de partage des voix, la voix du pr\u00e9sident est pr\u00e9pond\u00e9rante.<br><br>Les membres du Conseil d\u2019Administration sont \u00e9lus pour deux ans, par l&rsquo;Assembl\u00e9e G\u00e9n\u00e9rale et choisis parmi les membres&nbsp;actifs, ou les personnes morales, dont se compose cette assembl\u00e9e.<br><br>En cas de vacance, le Conseil d\u2019Administration pourvoit provisoirement au remplacement de ses membres. Il est proc\u00e9d\u00e9 \u00e0 leur remplacement d\u00e9finitif par la plus prochaine assembl\u00e9e g\u00e9n\u00e9rale. Les pouvoirs des membres ainsi \u00e9lus prennent fin \u00e0 l&rsquo;\u00e9poque ou devrait normalement expirer le mandat des membres remplac\u00e9s.<\/p>\n\n\n\n<p><br>Le renouvellement du Conseil d\u2019Administration a lieu tous les deux ans.<\/p>\n\n\n\n<p><br>Les membres sortants sont r\u00e9\u00e9ligibles.<\/p>\n\n\n\n<p><br>Le Conseil d\u2019Administration choisit parmi ses membres un Bureau compos\u00e9 de :<\/p>\n\n\n\n<p>&#8211; un Pr\u00e9sident<\/p>\n\n\n\n<p>&#8211; un Secr\u00e9taire G\u00e9n\u00e9ral<\/p>\n\n\n\n<p>&#8211; un Tr\u00e9sorier<\/p>\n\n\n\n<p>&#8211; un Biblioth\u00e9caire-archiviste<\/p>\n\n\n\n<p><br>Le Bureau peut s\u2019adjoindre<\/p>\n\n\n\n<p><br>&#8211; de 1 \u00e0 3 vice-pr\u00e9sidents<\/p>\n\n\n\n<p>&#8211; 1 secr\u00e9taire g\u00e9n\u00e9ral adjoint<\/p>\n\n\n\n<p>&#8211; 1 tr\u00e9sorier adjoint<\/p>\n\n\n\n<p>&#8211; 1 biblioth\u00e9caire-archiviste adjoint<\/p>\n\n\n\n<p><br>Le Bureau est \u00e9lu pour deux ans.<\/p>\n\n\n\n<p><br>Le bureau peut \u00e0 tout moment d\u00e9signer de fa\u00e7on permanente ou temporaire des membres du conseil d\u2019administration pour toute fonction sp\u00e9cifique des activit\u00e9s de l\u2019association. \u00a0<br><\/p>\n\n\n\n<p><br><strong>Article 8<\/strong><\/p>\n<\/div>\n\n\n\n<div class=\"wp-block-group is-vertical is-layout-flex wp-container-core-group-is-layout-8cf370e7 wp-block-group-is-layout-flex\">\n<p><br>Le Conseil d\u2019Administration se r\u00e9unit une fois au moins tous les six mois et chaque fois qu&rsquo;il est convoqu\u00e9 par son Pr\u00e9sident ou sur la demande du quart de ses membres.<\/p>\n\n\n\n<p><br>La convocation est adress\u00e9e par le moyen que le Pr\u00e9sident jugera le plus opportun (courrier; courriel, &#8230;).<\/p>\n\n\n\n<p><br>La pr\u00e9sence du tiers au moins des membres du Conseil d&rsquo;Administration est n\u00e9cessaire pour la validit\u00e9 des d\u00e9lib\u00e9rations.<\/p>\n\n\n\n<p><br>Il est tenu proc\u00e8s-verbal des s\u00e9ances.<\/p>\n\n\n\n<p><br>Les proc\u00e8s-verbaux sont sign\u00e9s par le Pr\u00e9sident et le Secr\u00e9taire. Ils sont \u00e9tablis sans blanc ni rature, sur des feuillets&nbsp;num\u00e9rot\u00e9s, ou sur un registre aux pages num\u00e9rot\u00e9es, paraph\u00e9s par le Pr\u00e9sident et conserv\u00e9s au si\u00e8ge de l&rsquo;association.<\/p>\n<\/div>\n\n\n\n<p><br><strong>Article 9<\/strong><\/p>\n\n\n\n<div class=\"wp-block-group is-vertical is-layout-flex wp-container-core-group-is-layout-8cf370e7 wp-block-group-is-layout-flex\">\n<p><br>Les membres du Conseil d&rsquo;Administration ne peuvent recevoir aucune r\u00e9tribution en raison des fonctions qui leur sont confi\u00e9es.<\/p>\n\n\n\n<p><br>Des remboursements de frais&nbsp;sont possibles&nbsp; la pr\u00e9sentation de notes de frais d\u00fbment remplies , justifi\u00e9es&nbsp; et vis\u00e9es par le Pr\u00e9sident&nbsp;.<\/p>\n\n\n\n<p><br>Les agents r\u00e9tribu\u00e9s de l&rsquo;association, s\u2019il y en a, peuvent \u00eatre appel\u00e9s par le Pr\u00e9sident \u00e0 assister, avec voix consultative, aux s\u00e9ances de l&rsquo;Assembl\u00e9e G\u00e9n\u00e9rale et du Conseil d&rsquo;Administration.<br><br><\/p>\n\n\n\n<p><strong>Article 10<\/strong><\/p>\n<\/div>\n\n\n\n<div class=\"wp-block-group is-vertical is-layout-flex wp-container-core-group-is-layout-8cf370e7 wp-block-group-is-layout-flex\">\n<p><br>L&rsquo;Assembl\u00e9e G\u00e9n\u00e9rale de la Soci\u00e9t\u00e9 Agricole, Scientifique et Litt\u00e9raire des Pyr\u00e9n\u00e9es-Orientales comprend les membres agr\u00e9\u00e9s dans les conditions de l&rsquo;article 3 et \u00e0 jour de leurs cotisations.<\/p>\n\n\n\n<p><br>Les personnes morales sont repr\u00e9sent\u00e9es par leur repr\u00e9sentant l\u00e9gal en exercice, ou toute autre personne d\u00fbment habilit\u00e9e \u00e0 cet effet.<\/p>\n\n\n\n<p><br>Elle se r\u00e9unit annuellement et chaque fois qu&rsquo;elle est convoqu\u00e9e par&nbsp;le Pr\u00e9sident, ou le Conseil d&rsquo;Administration ou sur la demande du quart au moins de ses membres. Elle d\u00e9lib\u00e8re valablement sous r\u00e9serve de la pr\u00e9sence d\u2019un quart au moins des membres pr\u00e9sents ou repr\u00e9sent\u00e9s. En l\u2019absence de quorum une nouvelle Assembl\u00e9e G\u00e9n\u00e9rale sera convoqu\u00e9e dans le mois qui suivra, et elle se r\u00e9unira sans condition de quorum&nbsp;pour d\u00e9lib\u00e9rer valablement.<\/p>\n\n\n\n<p><br>Son ordre du jour est \u00e9tabli par le Pr\u00e9sident&nbsp;; des questions peuvent y \u00eatre port\u00e9es \u00e0 la demande de tout membre du Conseil d\u2019Administration.<\/p>\n\n\n\n<p><br>Elle entend les rapports sur la gestion du Conseil d&rsquo;Administration, sur la situation financi\u00e8re et morale de l&rsquo;association.<\/p>\n\n\n\n<p><br>Elle approuve le rapport moral et&nbsp; les comptes de l&rsquo;exercice clos, examine&nbsp; le budget&nbsp; pr\u00e9visionnel de l&rsquo;exercice suivant, d\u00e9lib\u00e8re sur les questions mises \u00e0 l&rsquo;ordre du jour et pourvoit, s&rsquo;il y a lieu, au renouvellement des membres du Conseil d&rsquo;Administration.<\/p>\n\n\n\n<p><br>Le rapport annuel et les comptes sont consultables au si\u00e8ge de l&rsquo;association par tous les membres agr\u00e9\u00e9s et justifiant du paiement de leurs cotisations, dans les cinq jours francs qui pr\u00e9c\u00e8dent la tenue de l&rsquo;Assembl\u00e9e G\u00e9n\u00e9rale aux horaires habituels de r\u00e9ception du public.<br>Le vote par procuration&nbsp; au nom d\u2019un membre de l\u2019association est autoris\u00e9. Les procurations en blanc seront recueillies par le Pr\u00e9sident.<\/p>\n<\/div>\n\n\n\n<p><br><strong>Article 11<\/strong><\/p>\n\n\n\n<div class=\"wp-block-group is-vertical is-layout-flex wp-container-core-group-is-layout-8cf370e7 wp-block-group-is-layout-flex\">\n<p><br>Le Pr\u00e9sident de la Soci\u00e9t\u00e9 Agricole, Scientifique et Litt\u00e9raire des Pyr\u00e9n\u00e9es-Orientales repr\u00e9sente l&rsquo;association dans tous les actes de la vie civile. Il ordonnance les d\u00e9penses. Il peut donner d\u00e9l\u00e9gation dans des conditions qui sont fix\u00e9es par le r\u00e8glement int\u00e9rieur.<\/p>\n\n\n\n<p><br>En cas de repr\u00e9sentation en justice, le Pr\u00e9sident ne peut \u00eatre remplac\u00e9 que par un mandataire agissant en vertu d&rsquo;une procuration sp\u00e9ciale.<\/p>\n\n\n\n<p><br>Les repr\u00e9sentants de l&rsquo;association doivent jouir du plein exercice de leurs droits civiques.<br><br><\/p>\n\n\n\n<p><strong>Article 12<\/strong><\/p>\n<\/div>\n\n\n\n<p><br>Les d\u00e9lib\u00e9rations du Conseil d&rsquo;Administration relatives aux acquisitions, \u00e9changes et ali\u00e9nations d&rsquo;immeubles n\u00e9cessaires au but poursuivi par l&rsquo;association, constitutions d&rsquo;hypoth\u00e8ques sur lesdits immeubles, baux exc\u00e9dant neuf ann\u00e9es, ali\u00e9nations de biens rentrant dans la dotation et emprunts doivent \u00eatre approuv\u00e9es par l&rsquo;Assembl\u00e9e G\u00e9n\u00e9rale.<\/p>\n\n\n\n<p><br><strong>Article 13<\/strong><strong><\/strong><\/p>\n\n\n\n<p><br>Les d\u00e9lib\u00e9rations de l&rsquo;Assembl\u00e9e G\u00e9n\u00e9rale relatives aux ali\u00e9nations de biens mobiliers et immobiliers d\u00e9pendant de la dotation, \u00e0 la constitution d&rsquo;hypoth\u00e8ques et aux emprunts, ne sont valables qu&rsquo;apr\u00e8s approbation administrative.<\/p>\n\n\n\n<p><br><br><strong>III &#8211; RESSOURCES ANNUELLES &#8211; PUBLICATION DU BULLETIN ANNUEL<\/strong><\/p>\n\n\n\n<p><br><strong>Article 14<\/strong><\/p>\n\n\n\n<div class=\"wp-block-group is-vertical is-layout-flex wp-container-core-group-is-layout-8cf370e7 wp-block-group-is-layout-flex\">\n<p><br>Les recettes annuelles de Soci\u00e9t\u00e9 Agricole, Scientifique et Litt\u00e9raire des Pyr\u00e9n\u00e9es-Orientales se composent :<\/p>\n\n\n\n<p><br>1\u00b0) du revenu de ses biens&nbsp;s\u2019il y a lieu.<\/p>\n\n\n\n<p>2\u00b0) des cotisations de ses membres ;<\/p>\n\n\n\n<p>3\u00b0) des subventions de l&rsquo;Etat, des r\u00e9gions, des d\u00e9partements, des communes et des \u00e9tablissements publics ;<\/p>\n\n\n\n<p>4\u00b0) du produit des lib\u00e9ralit\u00e9s dont l&#8217;emploi est accept\u00e9 par le Conseil d\u2019Administration ;<\/p>\n\n\n\n<p><br>5\u00b0) des ressources cr\u00e9\u00e9es \u00e0 titre exceptionnel avec l&rsquo;agr\u00e9ment de l&rsquo;autorit\u00e9 comp\u00e9tente ;<\/p>\n\n\n\n<p><br>6\u00b0) de la vente des publications, notamment des ouvrages en stock;<\/p>\n<\/div>\n\n\n\n<p><br><strong>Article 15<\/strong><strong><\/strong><\/p>\n\n\n\n<p><br>La Soci\u00e9t\u00e9 Agricole, Scientifique et Litt\u00e9raire des Pyr\u00e9n\u00e9es-Orientales \u00e9dite chaque ann\u00e9e un bulletin dit \u00ab\u00a0Bulletin annuel\u00a0\u00bb dont le principe et le contenu sont arr\u00eat\u00e9s par le Conseil d&rsquo;Administration. Il pourra s\u2019agit soit de m\u00e9langes, soit de monographies, soit de r\u00e9\u00e9ditions.<\/p>\n\n\n\n<p><br><strong>IV. OBLIGATIONS COMPTABLES<\/strong><\/p>\n\n\n\n<p><br><strong>Article 16<\/strong><\/p>\n\n\n\n<div class=\"wp-block-group is-vertical is-layout-flex wp-container-core-group-is-layout-8cf370e7 wp-block-group-is-layout-flex\">\n<p><br>Il est tenu une comptabilit\u00e9 faisant appara\u00eetre annuellement un bilan, un compte de r\u00e9sultat ainsi qu&rsquo;une annexe si n\u00e9cessaire.<\/p>\n\n\n\n<p><br>Il est justifi\u00e9 sur r\u00e9quisition aupr\u00e8s du Pr\u00e9fet du d\u00e9partement, et du Ministre de l&rsquo;Int\u00e9rieur, de l&#8217;emploi des fonds provenant de toutes les subventions accord\u00e9es au cours de l&rsquo;exercice \u00e9coul\u00e9.<\/p>\n\n\n\n<p><\/p>\n\n\n\n<p><strong><br>V &#8211; MODIFICATION DES STATUTS ET DISSOLUTION<\/strong><\/p>\n<\/div>\n\n\n\n<p><br><strong>Article 17<\/strong><\/p>\n\n\n\n<div class=\"wp-block-group is-vertical is-layout-flex wp-container-core-group-is-layout-8cf370e7 wp-block-group-is-layout-flex\">\n<p><br>Les statuts peuvent \u00eatre modifi\u00e9s par une Assembl\u00e9e G\u00e9n\u00e9rale Extraordinaire sur la proposition du Conseil d&rsquo;Administration ou sur la proposition du dixi\u00e8me des membres dont se compose l&rsquo;Assembl\u00e9e G\u00e9n\u00e9rale.<br><br>Dans l&rsquo;un et l&rsquo;autre cas, les propositions de modifications sont inscrites \u00e0 l&rsquo;ordre du jour de la prochaine Assembl\u00e9e G\u00e9n\u00e9rale Extraordinaire lequel doit \u00eatre envoy\u00e9 \u00e0 tous les membres de l&rsquo;Assembl\u00e9e au moins quinze jours francs \u00e0 l&rsquo;avance.<\/p>\n\n\n\n<p><br>L&rsquo;Assembl\u00e9e G\u00e9n\u00e9rale doit se composer du quart au moins de ses membres pr\u00e9sents ou repr\u00e9sent\u00e9s&nbsp; Si cette proportion n&rsquo;est pas atteinte, l&rsquo;Assembl\u00e9e G\u00e9n\u00e9rale est convoqu\u00e9e de nouveau, mais \u00e0 quinze jours au moins d&rsquo;intervalle, et peut alors valablement d\u00e9lib\u00e9rer quel que soit le nombre des membres pr\u00e9sents. Dans tous les cas, les statuts ne peuvent \u00eatre modifi\u00e9s qu&rsquo;\u00e0 la majorit\u00e9 des deux tiers des membres pr\u00e9sents ou repr\u00e9sent\u00e9s.<\/p>\n<\/div>\n\n\n\n<p><br><strong>Article 18<\/strong><\/p>\n\n\n\n<div class=\"wp-block-group is-vertical is-layout-flex wp-container-core-group-is-layout-8cf370e7 wp-block-group-is-layout-flex\">\n<p><br>L&rsquo;Assembl\u00e9e G\u00e9n\u00e9rale Extraordinaire appel\u00e9e \u00e0 se prononcer sur la dissolution de l&rsquo;association et convoqu\u00e9e sp\u00e9cialement \u00e0 cet effet, dans les conditions pr\u00e9vues \u00e0 l&rsquo;article pr\u00e9c\u00e9dent, doit comprendre au moins la moiti\u00e9 plus un, des membres en exercice.<\/p>\n\n\n\n<p><br>Si cette proportion n&rsquo;est pas atteinte, l&rsquo;Assembl\u00e9e G\u00e9n\u00e9rale Extraordinaire est convoqu\u00e9e \u00e0 nouveau, mais \u00e0 quinze jours au moins d&rsquo;intervalle, et cette fois, elle peut valablement d\u00e9lib\u00e9rer, quel que soit le nombre des membres pr\u00e9sents ou repr\u00e9sent\u00e9s<\/p>\n\n\n\n<p><br>Dans tous les cas, la dissolution ne peut \u00eatre vot\u00e9e qu&rsquo;\u00e0 la majorit\u00e9 des deux tiers des membres pr\u00e9sents ou repr\u00e9sent\u00e9s.<\/p>\n<\/div>\n\n\n\n<p><br><strong>Article 19<\/strong><\/p>\n\n\n\n<p><br>En cas de dissolution, l&rsquo;Assembl\u00e9e G\u00e9n\u00e9rale Extraordinaire d\u00e9signe un ou plusieurs commissaires, charg\u00e9s de la liquidation des biens de l&rsquo;association. Elle attribue l&rsquo;actif net \u00e0 un ou plusieurs \u00e9tablissements analogues, publics, ou reconnus d&rsquo;utilit\u00e9 publique, ou \u00e0 des \u00e9tablissements vis\u00e9s \u00e0 l&rsquo;alin\u00e9a 2 de l&rsquo;article 6 de la loi du 1er juillet 1901, modifi\u00e9.<\/p>\n\n\n\n<p><br><strong>VI &#8211; SURVEILLANCE ET REGLEMENT INTERIEUR<\/strong><\/p>\n\n\n\n<p><br><strong>Article 20<\/strong><\/p>\n\n\n\n<div class=\"wp-block-group is-vertical is-layout-flex wp-container-core-group-is-layout-8cf370e7 wp-block-group-is-layout-flex\">\n<p><br>La Soci\u00e9t\u00e9 Agricole, Scientifique et Litt\u00e9raire des Pyr\u00e9n\u00e9es-Orientales doit faire conna\u00eetre dans les trois mois, \u00e0 la pr\u00e9fecture du d\u00e9partement&nbsp; des Pyr\u00e9n\u00e9es-Orientales o\u00f9 l&rsquo;association a son si\u00e8ge social, tous les changements survenus dans l&rsquo;administration ou la direction de l&rsquo;association.<\/p>\n\n\n\n<p><br>Les registres de l&rsquo;association et ses pi\u00e8ces de comptabilit\u00e9 sont pr\u00e9sent\u00e9s sur toute r\u00e9quisition du Ministre de l&rsquo;Int\u00e9rieur ou du Pr\u00e9fet, ou de tout fonctionnaire accr\u00e9dit\u00e9 par eux.<\/p>\n<\/div>\n\n\n\n<p><br><strong>Article 21<\/strong><\/p>\n\n\n\n<p><br>Un r\u00e8glement int\u00e9rieur pr\u00e9par\u00e9 par le Bureau et adopt\u00e9 par la Conseil d\u2019Administration pr\u00e9voira le fonctionnement interne du dit Conseil d\u2019Administration, la r\u00e9partition des t\u00e2ches entre les membres du bureau&nbsp; et les missions sp\u00e9cifiques demand\u00e9es aux membres du Conseil d\u2019Administration. Il sera adopt\u00e9 lors de la premi\u00e8re r\u00e9union du Conseil d\u2019Administration qui suivra l\u2019Assembl\u00e9e G\u00e9n\u00e9rale extraordinaire qui adopte les pr\u00e9sents statuts.<\/p>\n\n\n\n<p><br><strong>Article 22<\/strong><\/p>\n\n\n\n<div class=\"wp-block-group is-vertical is-layout-flex wp-container-core-group-is-layout-8cf370e7 wp-block-group-is-layout-flex\">\n<p><br>L\u2019exercice social de l\u2019Association sera celui de l\u2019ann\u00e9e civile du 1r janvier au 31 d\u00e9cembre, et, pour la premi\u00e8re fois, \u00e0, titre transitoire, du 1r Octobre 2012 au 31 d\u00e9cembre 2013.<\/p>\n\n\n\n<p><br><br>Les pr\u00e9sents statuts ont \u00e9t\u00e9 approuv\u00e9s lors de l&rsquo;Assembl\u00e9e G\u00e9n\u00e9rale Extraordinaire du 26 juin 2013, au si\u00e8ge de la Soci\u00e9t\u00e9 Agricole, Scientifique et Litt\u00e9raire des Pyr\u00e9n\u00e9es-Orientales, 52 rue Mar\u00e9chal Foch<\/p>\n\n\n\n<p><br>Ils ont \u00e9t\u00e9 \u00e9tablis en autant d&rsquo;exemplaires que de parties int\u00e9ress\u00e9es, dont deux pour la d\u00e9claration \u00e0 la Pr\u00e9fecture des Pyr\u00e9n\u00e9es-Orientales&nbsp;et un pour l&rsquo;association.<\/p>\n<\/div>\n\n\n\n<p><br><\/p>\n\n\n\n<div class=\"wp-block-group is-vertical is-layout-flex wp-container-core-group-is-layout-8cf370e7 wp-block-group-is-layout-flex\">\n<p><strong>Le Pr\u00e9sident<\/strong><\/p>\n\n\n\n<p>Fernand-G\u00e9rard Belledent<\/p>\n<\/div>\n\n\n\n<p><\/p>\n\n\n\n<div class=\"wp-block-group is-vertical is-content-justification-right is-layout-flex wp-container-core-group-is-layout-b6c475e2 wp-block-group-is-layout-flex\">\n<p><strong>La Secr\u00e9taire G\u00e9n\u00e9rale<\/strong><\/p>\n\n\n\n<p>Josianne Cabanas<br><\/p>\n<\/div>\n","protected":false},"excerpt":{"rendered":"<p>Adopt\u00e9s lors de l&rsquo;Assembl\u00e9e g\u00e9n\u00e9rale extraordinaire du 26 juin 2013 I \u2013 HISTORIQUE \u2013 DUREE \u2013 SIEGE SOCIAL \u2013 OBJET ET COMPOSITION Article&nbsp;premier L&rsquo;association, \u00ab Soci\u00e9t\u00e9, Agricole Scientifique et Litt\u00e9raire des Pyr\u00e9n\u00e9es-Orientales (SASL des PO) \u00bb a \u00e9t\u00e9 fond\u00e9e le 21 d\u00e9cembre 1833 sous le nom de \u00ab\u00a0Soci\u00e9t\u00e9 Philomatique de Perpignan\u00a0\u00bb pour devenir en f\u00e9vrier &hellip; <a href=\"https:\/\/sasl-des-po.fr\/index.php\/statuts\/\" class=\"more-link\">Continuer la lecture de <span class=\"screen-reader-text\">Statuts de la SASL<\/span><\/a><\/p>\n","protected":false},"author":1,"featured_media":0,"parent":0,"menu_order":0,"comment_status":"closed","ping_status":"closed","template":"","meta":{"footnotes":""},"class_list":["post-23","page","type-page","status-publish","hentry"],"_links":{"self":[{"href":"https:\/\/sasl-des-po.fr\/index.php\/wp-json\/wp\/v2\/pages\/23","targetHints":{"allow":["GET"]}}],"collection":[{"href":"https:\/\/sasl-des-po.fr\/index.php\/wp-json\/wp\/v2\/pages"}],"about":[{"href":"https:\/\/sasl-des-po.fr\/index.php\/wp-json\/wp\/v2\/types\/page"}],"author":[{"embeddable":true,"href":"https:\/\/sasl-des-po.fr\/index.php\/wp-json\/wp\/v2\/users\/1"}],"replies":[{"embeddable":true,"href":"https:\/\/sasl-des-po.fr\/index.php\/wp-json\/wp\/v2\/comments?post=23"}],"version-history":[{"count":8,"href":"https:\/\/sasl-des-po.fr\/index.php\/wp-json\/wp\/v2\/pages\/23\/revisions"}],"predecessor-version":[{"id":117,"href":"https:\/\/sasl-des-po.fr\/index.php\/wp-json\/wp\/v2\/pages\/23\/revisions\/117"}],"wp:attachment":[{"href":"https:\/\/sasl-des-po.fr\/index.php\/wp-json\/wp\/v2\/media?parent=23"}],"curies":[{"name":"wp","href":"https:\/\/api.w.org\/{rel}","templated":true}]}}