{"id":229,"date":"2022-08-10T10:04:07","date_gmt":"2022-08-10T08:04:07","guid":{"rendered":"http:\/\/sasldeh.cluster030.hosting.ovh.net\/?page_id=229"},"modified":"2022-08-10T10:05:44","modified_gmt":"2022-08-10T08:05:44","slug":"11-fevrier-2022-17h-18h-les-missions-cassini-premieres-ascensions-documentees-du-canigo-1700-1739-me-michel-bougain-avocat-honoraire-historien-cdm66","status":"publish","type":"page","link":"https:\/\/sasl-des-po.fr\/index.php\/11-fevrier-2022-17h-18h-les-missions-cassini-premieres-ascensions-documentees-du-canigo-1700-1739-me-michel-bougain-avocat-honoraire-historien-cdm66\/","title":{"rendered":"11 f\u00e9vrier 2022 \u2013 17h-18h \u2013 Les missions Cassini, premi\u00e8res ascensions document\u00e9es du Canig\u00f3, 1700 &#8211; 1739. Me Michel Bougain, avocat honoraire, historien \/ CDM66"},"content":{"rendered":"\n<p>Au-del\u00e0 des l\u00e9gendes par d\u00e9finition improbables, le premier homme ayant, il y a des si\u00e8cles, acc\u00e9d\u00e9 au sommet du Canig\u00f3 restera un inconnu, n\u2019ayant laiss\u00e9 aucun \u00e9crit, aucun t\u00e9moin. Il est toutefois possible de faire remonter le curseur dans le temps, pour trouver, au XVIIIe si\u00e8cle, les premi\u00e8res preuves scientifiques d\u2019ascensions. Ce seront des charpentiers de la marine royale en 1700, puis des g\u00e9om\u00e8tres, dans le cadre des op\u00e9rations Cassini ayant pour objet de tracer la premi\u00e8re carte de France.<\/p>\n\n\n\n<figure class=\"wp-block-gallery has-nested-images columns-default is-cropped wp-block-gallery-1 is-layout-flex wp-block-gallery-is-layout-flex\">\n<figure class=\"wp-block-image size-large\"><img loading=\"lazy\" decoding=\"async\" width=\"1024\" height=\"683\" data-id=\"236\" src=\"http:\/\/sasldeh.cluster030.hosting.ovh.net\/wp-content\/uploads\/2022\/08\/IMG_2283-1-1024x683.jpg\" alt=\"\" class=\"wp-image-236\" srcset=\"https:\/\/sasl-des-po.fr\/wp-content\/uploads\/2022\/08\/IMG_2283-1-1024x683.jpg 1024w, https:\/\/sasl-des-po.fr\/wp-content\/uploads\/2022\/08\/IMG_2283-1-300x200.jpg 300w, https:\/\/sasl-des-po.fr\/wp-content\/uploads\/2022\/08\/IMG_2283-1-768x512.jpg 768w, https:\/\/sasl-des-po.fr\/wp-content\/uploads\/2022\/08\/IMG_2283-1-1536x1024.jpg 1536w, https:\/\/sasl-des-po.fr\/wp-content\/uploads\/2022\/08\/IMG_2283-1-2048x1365.jpg 2048w\" sizes=\"auto, (max-width: 1024px) 100vw, 1024px\" \/><\/figure>\n\n\n\n<figure class=\"wp-block-image size-large\"><img loading=\"lazy\" decoding=\"async\" width=\"683\" height=\"1024\" data-id=\"237\" src=\"http:\/\/sasldeh.cluster030.hosting.ovh.net\/wp-content\/uploads\/2022\/08\/IMG_5917-2-683x1024.jpg\" alt=\"\" class=\"wp-image-237\" srcset=\"https:\/\/sasl-des-po.fr\/wp-content\/uploads\/2022\/08\/IMG_5917-2-683x1024.jpg 683w, https:\/\/sasl-des-po.fr\/wp-content\/uploads\/2022\/08\/IMG_5917-2-200x300.jpg 200w, https:\/\/sasl-des-po.fr\/wp-content\/uploads\/2022\/08\/IMG_5917-2-768x1152.jpg 768w, https:\/\/sasl-des-po.fr\/wp-content\/uploads\/2022\/08\/IMG_5917-2-1024x1536.jpg 1024w, https:\/\/sasl-des-po.fr\/wp-content\/uploads\/2022\/08\/IMG_5917-2-1365x2048.jpg 1365w, https:\/\/sasl-des-po.fr\/wp-content\/uploads\/2022\/08\/IMG_5917-2-scaled.jpg 1707w\" sizes=\"auto, (max-width: 683px) 100vw, 683px\" \/><\/figure>\n<\/figure>\n\n\n\n<p><\/p>\n\n\n\n<figure class=\"wp-block-gallery has-nested-images columns-default is-cropped wp-block-gallery-2 is-layout-flex wp-block-gallery-is-layout-flex\">\n<figure class=\"wp-block-image size-large\"><a href=\"http:\/\/sasldeh.cluster030.hosting.ovh.net\/wp-content\/uploads\/2022\/08\/273284222_130869066104336_1131912831288030558_n.jpg\"><img loading=\"lazy\" decoding=\"async\" width=\"1024\" height=\"682\" data-id=\"241\" src=\"http:\/\/sasldeh.cluster030.hosting.ovh.net\/wp-content\/uploads\/2022\/08\/273284222_130869066104336_1131912831288030558_n-1024x682.jpg\" alt=\"\" class=\"wp-image-241\" srcset=\"https:\/\/sasl-des-po.fr\/wp-content\/uploads\/2022\/08\/273284222_130869066104336_1131912831288030558_n-1024x682.jpg 1024w, https:\/\/sasl-des-po.fr\/wp-content\/uploads\/2022\/08\/273284222_130869066104336_1131912831288030558_n-300x200.jpg 300w, https:\/\/sasl-des-po.fr\/wp-content\/uploads\/2022\/08\/273284222_130869066104336_1131912831288030558_n-768x511.jpg 768w, https:\/\/sasl-des-po.fr\/wp-content\/uploads\/2022\/08\/273284222_130869066104336_1131912831288030558_n.jpg 1442w\" sizes=\"auto, (max-width: 1024px) 100vw, 1024px\" \/><\/a><\/figure>\n\n\n\n<figure class=\"wp-block-image size-large\"><a href=\"http:\/\/sasldeh.cluster030.hosting.ovh.net\/wp-content\/uploads\/2022\/08\/IMG-20220211-WA0001.jpg\"><img loading=\"lazy\" decoding=\"async\" width=\"1024\" height=\"496\" data-id=\"243\" src=\"http:\/\/sasldeh.cluster030.hosting.ovh.net\/wp-content\/uploads\/2022\/08\/IMG-20220211-WA0001-1024x496.jpg\" alt=\"\" class=\"wp-image-243\" srcset=\"https:\/\/sasl-des-po.fr\/wp-content\/uploads\/2022\/08\/IMG-20220211-WA0001-1024x496.jpg 1024w, https:\/\/sasl-des-po.fr\/wp-content\/uploads\/2022\/08\/IMG-20220211-WA0001-300x145.jpg 300w, https:\/\/sasl-des-po.fr\/wp-content\/uploads\/2022\/08\/IMG-20220211-WA0001-768x372.jpg 768w, https:\/\/sasl-des-po.fr\/wp-content\/uploads\/2022\/08\/IMG-20220211-WA0001-1536x743.jpg 1536w, https:\/\/sasl-des-po.fr\/wp-content\/uploads\/2022\/08\/IMG-20220211-WA0001.jpg 2000w\" sizes=\"auto, (max-width: 1024px) 100vw, 1024px\" \/><\/a><\/figure>\n\n\n\n<figure class=\"wp-block-image size-large\"><a href=\"http:\/\/sasldeh.cluster030.hosting.ovh.net\/wp-content\/uploads\/2022\/08\/IMG-20220211-WA0002.jpg\"><img loading=\"lazy\" decoding=\"async\" width=\"1024\" height=\"495\" data-id=\"242\" src=\"http:\/\/sasldeh.cluster030.hosting.ovh.net\/wp-content\/uploads\/2022\/08\/IMG-20220211-WA0002-1024x495.jpg\" alt=\"\" class=\"wp-image-242\" srcset=\"https:\/\/sasl-des-po.fr\/wp-content\/uploads\/2022\/08\/IMG-20220211-WA0002-1024x495.jpg 1024w, https:\/\/sasl-des-po.fr\/wp-content\/uploads\/2022\/08\/IMG-20220211-WA0002-300x145.jpg 300w, https:\/\/sasl-des-po.fr\/wp-content\/uploads\/2022\/08\/IMG-20220211-WA0002-768x372.jpg 768w, https:\/\/sasl-des-po.fr\/wp-content\/uploads\/2022\/08\/IMG-20220211-WA0002-1536x743.jpg 1536w, https:\/\/sasl-des-po.fr\/wp-content\/uploads\/2022\/08\/IMG-20220211-WA0002.jpg 1600w\" sizes=\"auto, (max-width: 1024px) 100vw, 1024px\" \/><\/a><\/figure>\n<\/figure>\n","protected":false},"excerpt":{"rendered":"<p>Au-del\u00e0 des l\u00e9gendes par d\u00e9finition improbables, le premier homme ayant, il y a des si\u00e8cles, acc\u00e9d\u00e9 au sommet du Canig\u00f3 restera un inconnu, n\u2019ayant laiss\u00e9 aucun \u00e9crit, aucun t\u00e9moin. Il est toutefois possible de faire remonter le curseur dans le temps, pour trouver, au XVIIIe si\u00e8cle, les premi\u00e8res preuves scientifiques d\u2019ascensions. Ce seront des charpentiers &hellip; <a href=\"https:\/\/sasl-des-po.fr\/index.php\/11-fevrier-2022-17h-18h-les-missions-cassini-premieres-ascensions-documentees-du-canigo-1700-1739-me-michel-bougain-avocat-honoraire-historien-cdm66\/\" class=\"more-link\">Continuer la lecture de <span class=\"screen-reader-text\">11 f\u00e9vrier 2022 \u2013 17h-18h \u2013 Les missions Cassini, premi\u00e8res ascensions document\u00e9es du Canig\u00f3, 1700 &#8211; 1739. Me Michel Bougain, avocat honoraire, historien \/ CDM66<\/span><\/a><\/p>\n","protected":false},"author":1,"featured_media":0,"parent":0,"menu_order":0,"comment_status":"closed","ping_status":"closed","template":"","meta":{"footnotes":""},"class_list":["post-229","page","type-page","status-publish","hentry"],"_links":{"self":[{"href":"https:\/\/sasl-des-po.fr\/index.php\/wp-json\/wp\/v2\/pages\/229","targetHints":{"allow":["GET"]}}],"collection":[{"href":"https:\/\/sasl-des-po.fr\/index.php\/wp-json\/wp\/v2\/pages"}],"about":[{"href":"https:\/\/sasl-des-po.fr\/index.php\/wp-json\/wp\/v2\/types\/page"}],"author":[{"embeddable":true,"href":"https:\/\/sasl-des-po.fr\/index.php\/wp-json\/wp\/v2\/users\/1"}],"replies":[{"embeddable":true,"href":"https:\/\/sasl-des-po.fr\/index.php\/wp-json\/wp\/v2\/comments?post=229"}],"version-history":[{"count":3,"href":"https:\/\/sasl-des-po.fr\/index.php\/wp-json\/wp\/v2\/pages\/229\/revisions"}],"predecessor-version":[{"id":245,"href":"https:\/\/sasl-des-po.fr\/index.php\/wp-json\/wp\/v2\/pages\/229\/revisions\/245"}],"wp:attachment":[{"href":"https:\/\/sasl-des-po.fr\/index.php\/wp-json\/wp\/v2\/media?parent=229"}],"curies":[{"name":"wp","href":"https:\/\/api.w.org\/{rel}","templated":true}]}}